e k(-35).
-42
Let o(h) = -241*h + 8182. Calculate o(34).
-12
Let g(y) = -y**3 + 23*y**2 - 86*y - 91. Determine g(21).
-1015
Let r(l) = 113*l + 1006. Give r(-9).
-11
Let u(m) = -1968*m**2 + 35421*m + 41. What is u(18)?
-13
Let v(j) = -6*j**2 + 11*j + 7. Determine v(5).
-88
Let p(w) = w**3 - 108*w**2 - 878*w - 20. Determine p(-8).
-420
Let n(z) = 226*z - 2995. Give n(15).
395
Let l(t) = -10*t**3 + 12*t**2 + 30*t. Calculate l(-2).
68
Let g(w) = -2*w**3 + 14*w**2 + 184*w - 1354. Calculate g(8).
-10
Let r(a) = -a**2 + 136*a - 2165. Calculate r(19).
58
Let u(y) = 3*y**3 - 29*y**2 + 73*y - 39. Calculate u(6).
3
Let v(s) = -s**2 - 27*s - 148. Give v(-9).
14
Let c(s) = -42*s + 254. What is c(7)?
-40
Let a(m) = 24*m**2 - 12*m - 24. What is a(-2)?
96
Let x(o) = -126*o + 1022. Determine x(7).
140
Let j(c) = 966*c + 7718. Give j(-8).
-10
Let o(h) = 2*h**2 - 75. Give o(0).
-75
Let f(l) = -262*l - 81. Determine f(-1).
181
Let k(d) = 16*d**2 + 143*d. Determine k(-9).
9
Let c(a) = 3*a**3 - 213*a**2 + 2*a - 140. Give c(71).
2
Let y(i) = 13*i**3 - 11*i**2 - 3. Give y(-2).
-151
Let w(s) = -29*s**2 - 4498*s - 469. Give w(-155).
-4
Let l(x) = 11*x**2 - 159*x + 36. Calculate l(13).
-172
Let n(a) = 2*a**2 + 30*a + 208. What is n(-9)?
100
Let w(a) = 57*a + 508. What is w(-9)?
-5
Let u(g) = g**2 + 6*g - 145. Give u(-15).
-10
Let f(z) = -7*z**2 + 130*z - 78. What is f(18)?
-6
Let r(l) = -3*l + 87. What is r(28)?
3
Let v(c) = c**2 - 97*c - 865. Give v(105).
-25
Let x(l) = -2*l**3 - 16*l**2 - 21*l - 80. Determine x(-8).
88
Let b(k) = 2*k**3 - 58*k**2 - 55*k - 152. Determine b(30).
-2
Let v(j) = -j**3 - 8*j**2 + 16*j - 42. Determine v(-11).
145
Let i(q) = -2*q**3 - 12*q**2 - 13*q - 305. What is i(-8)?
55
Let q(u) = u**2 + 54*u - 12716. Determine q(89).
11
Let t(k) = -k**3 - 12*k + 2. Calculate t(2).
-30
Let f(p) = 2*p**2 + 40*p + 80. Determine f(-18).
8
Let y(c) = -81*c + 79. Calculate y(6).
-407
Let i(z) = z**3 + 9*z - 232. Determine i(0).
-232
Let c(a) = -2*a**2 - 190*a + 5406. Give c(-118).
-22
Let j(b) = b**3 - 18*b**2 - 278*b + 8. Determine j(28).
64
Let a(r) = 41*r - 1562. What is a(37)?
-45
Let k(l) = 67*l**3 + 670*l**2 - l - 24. What is k(-10)?
-14
Let i(r) = 59*r + 2380. Give i(-40).
20
Let k(x) = -x**3 + 52*x**2 - 149*x + 119. Determine k(49).
21
Let s(z) = -6*z**2 + 65*z - 22. Determine s(11).
-33
Let s(z) = 1785*z + 21428. What is s(-12)?
8
Let l(p) = -148*p + 9173. Calculate l(62).
-3
Let j(u) = -138*u**2 - 790*u + 246. Calculate j(-6).
18
Let v(q) = 3*q**3 + 4*q**2 - 9*q - 26. What is v(-3)?
-44
Let p(f) = -f**3 + 13*f**2 - 202*f + 1735. What is p(10)?
15
Let d(r) = -r**3 - 48*r**2 + 264*r - 19. Determine d(-53).
34
Let x(g) = -7*g**2 - 383*g - 5195. What is x(-25)?
5
Let g(d) = 28*d - 653. Give g(23).
-9
Let q(u) = u**3 + u**2 - 5*u - 940. What is q(0)?
-940
Let w(y) = -182*y + 143. What is w(2)?
-221
Let j(m) = 3*m**3 + 95*m**2 + 63*m + 18. Calculate j(-31).
-13
Let r(w) = w**3 + 292*w**2 - 540*w + 14113. Give r(-294).
1
Let o(t) = -t**3 - 10*t**2 + 21*t + 132. Give o(-10).
-78
Let p(z) = 27*z - 1367. What is p(51)?
10
Let l(z) = -78*z + 66. Give l(3).
-168
Let a(v) = 3*v**3 - 58*v**2 - 36*v - 28. Give a(20).
52
Let m(f) = -21*f**2 - 836*f - 669. What is m(-39)?
-6
Let c(n) = -29*n - 276. Determine c(-9).
-15
Let f(i) = -i**2 - 4*i - 22. Determine f(-7).
-43
Let p(q) = q**2 + 399*q - 1. Determine p(0).
-1
Let c(y) = 2*y**3 - 62*y**2 - 132*y + 5. Give c(33).
5
Let k(y) = 260*y + 519. Give k(-2).
-1
Let y(j) = 4*j**3 + 22*j**2 - 33*j - 135. What is y(-6)?
-9
Let y(x) = 3*x**2 - 53*x - 267. What is y(-4)?
-7
Let c(o) = o**2 - 23*o - 182. What is c(-10)?
148
Let d(n) = 2539*n - 27945. What is d(11)?
-16
Let a(c) = 100*c**2 + c - 2. Give a(1).
99
Let a(x) = 2*x**3 + 16*x**2 - 4*x + 17. Calculate a(0).
17
Let r(b) = 3*b**2 - 130*b + 1196. Determine r(30).
-4
Let r(m) = 3326*m - 56537. What is r(17)?
5
Let a(t) = t**2 - 54*t + 406. Give a(9).
1
Let x(n) = n**3 - 8*n**2 + 97*n - 588. Give x(6).
-78
Let l(u) = u**2 - 138*u + 3316. Give l(31).
-1
Let d(i) = -186*i**2 - 4090*i + 43. Calculate d(-22).
-1
Let y(m) = 128*m - 1389. Give y(11).
19
Let i(z) = 84*z**2 - 5*z - 3. Determine i(1).
76
Let v(r) = -r**3 + 44*r**2 + 26*r + 778. Determine v(45).
-77
Let s(a) = -2*a - 47. What is s(-43)?
39
Let g(w) = 767*w + 26103. Calculate g(-34).
25
Let x(u) = -u**2 + 32*u + 427. What is x(38)?
199
Let h(o) = 32*o**2 - 3*o - 2. What is h(-2)?
132
Let t(w) = -18*w**2 + 144*w + 34. What is t(9)?
-128
Let a(t) = -t**3 + 64*t**2 + 119*t - 3511. Determine a(65).
-1
Let y(a) = 65*a**2 + 286*a + 14. Determine y(-4).
-90
Let r(h) = 393*h**2 + 16*h - 16. Determine r(1).
393
Let q(b) = -5*b**3 - 46*b**2 - 7*b + 51. What is q(-9)?
33
Let y(q) = 259*q - 2150. Determine y(10).
440
Let j(o) = -o**2 + 2*o + 47. What is j(-9)?
-52
Let b(v) = -v**2 - 4*v + 650. Calculate b(24).
-22
Let s(l) = -18*l**3 + 649*l**2 - 43*l + 262. Determine s(36).
10
Let o(q) = -11*q - 465. Determine o(-49).
74
Let v(c) = -5*c**2 + 104*c - 59. Give v(20).
21
Let b(t) = -43*t + 201. Determine b(4).
29
Let j(f) = -f**3 - 6*f**2 + 69*f + 381. Determine j(-5).
11
Let i(h) = -55*h + 207. Determine i(5).
-68
Let m(g) = -g**2 + 28*g + 27031. Calculate m(-151).
2
Let j(x) = -12*x**2 - 28*x - 4. What is j(-2)?
4
Let v(j) = j**3 + 23*j**2 - 13. What is v(-23)?
-13
Let b(x) = -10*x - 99. Calculate b(-29).
191
Let d(z) = 22*z - 269. Give d(12).
-5
Let d(w) = 2*w**2 - 39*w + 32. What is d(18)?
-22
Let z(k) = k**2 + 100*k + 2506. What is z(-50)?
6
Let u(w) = -w**3 + 16*w**2 - 60. What is u(15)?
165
Let v(n) = -n**2 + 9*n - 58. Calculate v(13).
-110
Let s(f) = -94*f + 1269. Give s(14).
-47
Let h(v) = v**3 - 6*v**2 - 40*v + 7. What is h(9)?
-110
Let n(w) = -13*w + 517. Calculate n(69).
-380
Let w(j) = j**3 + 7*j**2 + 2*j + 91. What is w(-8)?
11
Let o(i) = 83*i - 8443. What is o(102)?
23
Let z(k) = 3*k**3 + 75*k**2 + 117*k + 1074. Determine z(-24).
-6
Let x(u) = 608*u**3 + 5*u**2 - 3*u - 5. Calculate x(-1).
-605
Let p(g) = -g**2 + 20*g + 590. Give p(-16).
14
Let z(n) = 5*n**2 - 72*n - 11. What is z(16)?
117
Let p(m) = -497*m - 7965. Calculate p(-16).
-13
Let t(n) = 217*n - 12153. Determine t(56).
-1
Let x(u) = -554*u + 7171. What is x(13)?
-31
Let a(p) = -132*p - 1510. What is a(-11)?
-58
Let q(n) = -27*n**2 - 46. Calculate q(0).
-46
Let l(x) = -x**3 + 37*x**2 - 58*x + 786. Determine l(36).
-6
Let k(s) = -2*s**2 + 20*s - 95. Give k(7).
-53
Let a(z) = -4*z**2 - 575*z + 4801. Calculate a(8).
-55
Let s(q) = -q**3 + 24*q**2 + 259*q + 19. What is s(-8)?
-5
Let f(a) = -223*a + 38353. Calculate f(172).
-3
Let n(h) = -90*h**2 + 659*h - 201. Give n(7).
2
Let v(b) = -2*b**3 - 40*b**2 - 49*b + 135. What is v(-18)?
-279
Let v(f) = 9*f**2 + 83*f - 314. What is v(4)?
162
Let g(b) = 4*b**2 - 443*b + 337. Give g(110).
7
Let c(x) = x**2 + 20*x - 211. What is c(7)?
-22
Let p(a) = -23*a - 2309. What is p(-100)?
-9
Let j(b) = -6*b**2 + 1477*b + 1475. Give j(-1).
-8
Let z(b) = -3*b**2 - 358*b - 9563. Determine z(-79).
-4
Let n(o) = -13*o**2. Give n(-2).
-52
Let n(k) = 394*k + 2741. Give n(-7).
-17
Let u(k) = k**3 - 28*k**2 + 192*k - 4. What is u(15)?
-49
Let b(d) = -d**3 + 39*d**2 + 176*d - 167. Calculate b(43).
5
Let s(k) = -130*k + 2196. Give s(17).
-14
Let f(x) = -7*x - 43. Determine f(12).
-127
Let q(d) = -d**3 - 96*d**2 + 3619*d - 747. Give q(-125).
3
Let a(d) = -3*d**2 - 244*d + 71. Calculate a(-81).
152
Let v(x) = -x**2 + 36*x - 186. Give v(30).
-6
Let d(i) = i**2 - 366*i + 9465. Determine d(28).
1
Let o(c) = -3*c**2 - c + 84. Determine o(-8).
-100
Let s(y) = y**2 + 116*y - 357. What is s(-119)?
0
Let x(q) = 23*q - 23. Determine x(3).
46
Let v(j) = -j**2 + 94*j - 1479. Give v(74).
1
Let k(h) = 4*h**2 - 46*h + 4. Determine k(12).
28
Let n(y) = y**2 + 15*y + 176. What is n(-10)?
126
Let a(f) = -f**3 - 3*f**2 + 25*f + 97. Calculate a(-6).
55
Let g(q) = 2*q**3 + 15*q**2 + 37*q + 138. Calculate g(-8).
-222
Let p(b) = b**3 + 9*b**2 + 74*b + 294. Give p(-5).
24
Let d(r) = -r**3 - 7*r**2 + 20*r - 165. Give d(-11).
99
Let o(m) = 12*m**2 - 123*m - 33. Determine o(6).
-339
Let s(i) = 6*i**3 - 15*i**2 - 3. What is s(4)?
141
Let r(i) = 5*i**2 + 739*i - 151. Calculate r(-148).
-3
Let z(v) = -4*v**3 - 13*v**2 + 68*v - 2. Calculate z(-6).
-14
Let o(m) = -3*m*